 is the remainder when 33271 is divided by 14?
7
Calculate the remainder when 893771 is divided by 222.
221
What is the remainder when 22358 is divided by 8?
6
Calculate the remainder when 443 is divided by 9.
2
Calculate the remainder when 118586 is divided by 467.
435
Calculate the remainder when 92922 is divided by 295.
292
What is the remainder when 99497 is divided by 125?
122
What is the remainder when 245432 is divided by 7?
5
What is the remainder when 86380 is divided by 185?
170
Calculate the remainder when 4210 is divided by 381.
19
Calculate the remainder when 162244 is divided by 17.
13
What is the remainder when 781085 is divided by 224?
221
Calculate the remainder when 633 is divided by 253.
127
Calculate the remainder when 474580 is divided by 158184.
28
Calculate the remainder when 195821 is divided by 759.
758
Calculate the remainder when 1663670 is divided by 568.
566
What is the remainder when 1472176 is divided by 1449?
1441
Calculate the remainder when 10489 is divided by 103.
86
What is the remainder when 95519 is divided by 763?
144
What is the remainder when 21115 is divided by 160?
155
Calculate the remainder when 7512 is divided by 167.
164
Calculate the remainder when 951809 is divided by 33.
23
Calculate the remainder when 29437 is divided by 4838.
409
What is the remainder when 4940 is divided by 750?
440
What is the remainder when 4264 is divided by 24?
16
Calculate the remainder when 337785 is divided by 364.
357
Calculate the remainder when 11055 is divided by 49.
30
What is the remainder when 10017 is divided by 587?
38
What is the remainder when 15191 is divided by 2381?
905
What is the remainder when 4313053 is divided by 19?
15
Calculate the remainder when 98305 is divided by 32764.
13
Calculate the remainder when 2986 is divided by 576.
106
Calculate the remainder when 11295 is divided by 390.
375
What is the remainder when 148308 is divided by 49434?
6
Calculate the remainder when 828 is divided by 826.
2
What is the remainder when 21857 is divided by 21684?
173
Calculate the remainder when 8546 is divided by 318.
278
What is the remainder when 344355 is divided by 66?
33
What is the remainder when 9198 is divided by 194?
80
What is the remainder when 7847 is divided by 43?
21
What is the remainder when 199150 is divided by 18?
16
Calculate the remainder when 2066 is divided by 177.
119
What is the remainder when 14948 is divided by 2266?
1352
Calculate the remainder when 1969769 is divided by 94.
93
Calculate the remainder when 1494608 is divided by 27.
23
Calculate the remainder when 507981 is divided by 114.
111
What is the remainder when 643905 is divided by 2439?
9
What is the remainder when 1022101 is divided by 170350?
1
What is the remainder when 1273 is divided by 83?
28
Calculate the remainder when 11517 is divided by 284.
157
What is the remainder when 24083 is divided by 134?
97
What is the remainder when 27138 is divided by 249?
246
What is the remainder when 11646 is divided by 58?
46
What is the remainder when 2121 is divided by 400?
121
What is the remainder when 493687 is divided by 17?
7
What is the remainder when 20016 is divided by 646?
636
Calculate the remainder when 29731 is divided by 234.
13
What is the remainder when 8313 is divided by 68?
17
Calculate the remainder when 128342 is divided by 850.
842
Calculate the remainder when 98512 is divided by 414.
394
What is the remainder when 1054 is divided by 181?
149
Calculate the remainder when 49515 is divided by 49480.
35
Calculate the remainder when 10334 is divided by 88.
38
Calculate the remainder when 17787 is divided by 36.
3
Calculate the remainder when 302649 is divided by 84.
81
What is the remainder when 51448 is divided by 51?
40
What is the remainder when 55300 is divided by 26?
24
What is the remainder when 60740 is divided by 1381?
1357
Calculate the remainder when 801 is divided by 33.
9
What is the remainder when 10467 is divided by 27?
18
Calculate the remainder when 23056 is divided by 160.
16
What is the remainder when 2861 is divided by 166?
39
What is the remainder when 1994 is divided by 57?
56
What is the remainder when 19655 is divided by 19646?
9
Calculate the remainder when 89293 is divided by 175.
43
What is the remainder when 51710 is divided by 1478?
1458
What is the remainder when 4452 is divided by 4432?
20
Calculate the remainder when 4775236 is divided by 620.
616
Calculate the remainder when 1215708 is divided by 1449.
1446
Calculate the remainder when 2881 is divided by 702.
73
Calculate the remainder when 222 is divided by 146.
76
Calculate the remainder when 3600 is divided by 308.
212
What is the remainder when 97595 is divided by 48783?
29
Calculate the remainder when 2884 is divided by 721.
0
What is the remainder when 194802 is divided by 204?
186
What is the remainder when 56667 is divided by 18?
3
Calculate the remainder when 16264 is divided by 26.
14
What is the remainder when 94122 is divided by 113?
106
What is the remainder when 2260 is divided by 1124?
12
What is the remainder when 79967 is divided by 21?
20
Calculate the remainder when 63110 is divided by 335.
130
What is the remainder when 22672 is divided by 4531?
17
Calculate the remainder when 675 is divided by 12.
3
What is the remainder when 821937 is divided by 273977?
6
Calculate the remainder when 4859 is divided by 231.
8
Calculate the remainder when 17334 is divided by 4103.
922
Calculate the remainder when 41280 is divided by 20630.
20
What is the remainder when 1655 is divided by 6?
5
What is the remainder when 290430 is divided by 499?
12
Calculate the remainder when 2974 is divided by 159.
112
Calculate the remainder when 1227 is divided by 762.
465
Calculate the remainder when 1688 is divided by 418.
16
Calculate the remainder when 1865 is divided by 17.
12
What is the remainder when 740 is divided by 179?
24
What is the remainder when 1487 is divided by 166?
159
What is the remainder when 164575 is divided by 9143?
1
Calculate the remainder when 38011 is divided by 12624.
139
What is the remainder when 2142 is divided by 307?
300
Calculate the remainder when 134395 is divided by 118.
111
What is the remainder when 1775 is divided by 1528?
247
Calculate the remainder when 1779 is divided by 11.
8
Calculate the remainder when 6985 is divided by 2314.
43
What is the remainder when 1015199 is divided by 87?
83
What is the remainder when 20475 is divided by 36?
27
Calculate the remainder when 108701 is divided by 29.
9
Calculate the remainder when 2209 is divided by 723.
40
Calculate the remainder when 8498 is divided by 499.
15
Calculate the remainder when 34667 is divided by 6.
5
What is the remainder when 1040 is divided by 904?
136
What is the remainder when 5586 is divided by 149?
73
Calculate the remainder when 50092 is divided by 59.
1
Calculate the remainder when 72517 is divided by 79.
74
What is the remainder when 3617 is divided by 18?
17
Calculate the remainder when 31541 is divided by 491.
117
What is the remainder when 8563 is divided by 68?
63
Calculate the remainder when 5637 is divided by 226.
213
What is the remainder when 4863 is divided by 32?
31
Calculate the remainder when 47375 is divided by 615.
20
What is the remainder when 20299 is divided by 103?
8
What is the remainder when 7072 is divided by 11?
10
What is the remainder when 4088 is divided by 1035?
983
What is the remainder when 1554 is divided by 284?
134
Calculate the remainder when 163182 is divided by 31.
29
What is the remainder when 42110 is divided by 64?
62
What is the remainder when 130832 is divided by 6?
2
Calculate the remainder when 5838 is divided by 237.
150
Calculate the remainder when 64402 is divided by 12.
10
What is the remainder when 39823 is divided by 678?
499
Calculate the remainder when 3165 is divided by 275.
140
Calculate the remainder when 233149 is divided by 21.
7
What is the remainder when 53392 is divided by 26679?
34
What is the remainder when 217349 is divided by 808?
805
What is the remainder when 18579 is divided by 78?
15
What is the remainder when 4031 is divided by 1077?
800
Calculate the remainder when 209549 is divided by 67.
40
Calculate the remainder when 457007 is divided by 51.
47
What is the r